{"id":19,"date":"2025-10-06T20:05:56","date_gmt":"2025-10-06T20:05:56","guid":{"rendered":"https:\/\/gops.suwalki.pl\/?page_id=19"},"modified":"2025-10-06T20:05:56","modified_gmt":"2025-10-06T20:05:56","slug":"o-nas","status":"publish","type":"page","link":"https:\/\/gops.suwalki.pl\/?page_id=19","title":{"rendered":"O nas"},"content":{"rendered":"\n<p><a href=\"https:\/\/web.archive.org\/web\/20241109102640\/http:\/\/www.gops.suwalki.pl\/index.php?c=page&amp;id=65&amp;pdf=1\" target=\"_blank\" rel=\"noreferrer noopener\"><\/a><\/p>\n\n\n\n<p><strong>Kierownik &#8211; Beata Skrocka<\/strong><\/p>\n\n\n\n<p><strong>Gminny<\/strong> <strong>O\u015brodek Pomocy Spo\u0142ecznej w Suwa\u0142kach<\/strong><br>ul. \u015awierkowa 45<br>16 &#8211; 400 Suwa\u0142ki<\/p>\n\n\n\n<h3 class=\"wp-block-heading\"><small><strong>GODZINY PRACY URZ\u0118DU<\/strong><br><strong>poniedzia\u0142ek &#8211; 8:00 &#8211; 16:00<\/strong> , <strong>wtorek &#8211; pi\u0105tek &#8211; 7.30 &#8211; 15.30<\/strong><\/small><\/h3>\n\n\n\n<p><strong>Sekretariat p. 20 (parter)<\/strong><\/p>\n\n\n\n<p>Kontakt:<\/p>\n\n\n\n<p>tel . 87 565 93 47 \/49 <strong>pracownicy socjalni<\/strong><\/p>\n\n\n\n<p>tel . 87 565 93 61<strong> ksi\u0119gowa<\/strong><\/p>\n\n\n\n<p>tel . 87 565 93 62 <strong>\u015bwiadczenia rodzinne, 500+, fundusz alimentacyjny<\/strong><\/p>\n\n\n\n<p><strong>Zgodnie z Ustaw\u0105 o informatyzacji podmiot\u00f3w realizuj\u0105cych zadania publiczne Dz.U. 2005 nr 64 poz. 565 oraz Rozporz\u0105dzeniem Prezesa Ministr\u00f3w w sprawie warunk\u00f3w organizacyjno-technicznych dor\u0119czenia dokument\u00f3w elektronicznych podmiotom publicznym Dz.U. 2005 Nr 200 poz. 1651 pragniemy poinformowa\u0107, i\u017c mo\u017cliwy jest kontakt przez portal ePUAP &#8211; &#8222;Dost\u0119pny publicznie \u015brodek komunikacji elektronicznej s\u0142u\u017c\u0105cy do przekazywania informacji w formie elektronicznej do podmiotu publicznego przy wykorzystaniu powszechnie dost\u0119pnej sieci teleinformatycznej&#8221;.<br>W celu z\u0142o\u017cenia dokumentu elektronicznego nale\u017cy wej\u015b\u0107 na stron\u0119 <a href=\"https:\/\/web.archive.org\/web\/20241109102640\/http:\/\/www.epuap.gov.pl\/\">www.epuap.gov.pl<\/a><\/strong><\/p>\n\n\n\n<p><strong>Skrytki ePUAP :<\/strong><\/p>\n\n\n\n<p>\/GOPSSUWALKI\/domyslna<\/p>\n\n\n\n<p>\/GOPSSUWALKI\/SkrytkaESP<\/p>\n\n\n\n<p><strong><br>Po z\u0142o\u017ceniu elektronicznego dokumentu otrzymaj\u0105 Pa\u0144stwo Urz\u0119dowe Po\u015bwiadczenie Odbioru (UPO).<\/strong><\/p>\n","protected":false},"excerpt":{"rendered":"<p>Kierownik &#8211; Beata Skrocka Gminny O\u015brodek Pomocy Spo\u0142ecznej w Suwa\u0142kachul. \u015awierkowa 4516 &#8211; 400 Suwa\u0142ki GODZINY PRACY URZ\u0118DUponiedzia\u0142ek &#8211; 8:00 &#8211; 16:00 , wtorek &#8211; pi\u0105tek &#8211; 7.30 &#8211; 15.30 Sekretariat p. 20 (parter) Kontakt: tel . 87 565 93 47 \/49 pracownicy socjalni tel . 87 565 93 61 ksi\u0119gowa tel . 87 565 [&hellip;]<\/p>\n","protected":false},"author":1,"featured_media":0,"parent":0,"menu_order":0,"comment_status":"closed","ping_status":"closed","template":"","meta":{"footnotes":""},"class_list":["post-19","page","type-page","status-publish","hentry"],"_links":{"self":[{"href":"https:\/\/gops.suwalki.pl\/index.php?rest_route=\/wp\/v2\/pages\/19","targetHints":{"allow":["GET"]}}],"collection":[{"href":"https:\/\/gops.suwalki.pl\/index.php?rest_route=\/wp\/v2\/pages"}],"about":[{"href":"https:\/\/gops.suwalki.pl\/index.php?rest_route=\/wp\/v2\/types\/page"}],"author":[{"embeddable":true,"href":"https:\/\/gops.suwalki.pl\/index.php?rest_route=\/wp\/v2\/users\/1"}],"replies":[{"embeddable":true,"href":"https:\/\/gops.suwalki.pl\/index.php?rest_route=%2Fwp%2Fv2%2Fcomments&post=19"}],"version-history":[{"count":1,"href":"https:\/\/gops.suwalki.pl\/index.php?rest_route=\/wp\/v2\/pages\/19\/revisions"}],"predecessor-version":[{"id":20,"href":"https:\/\/gops.suwalki.pl\/index.php?rest_route=\/wp\/v2\/pages\/19\/revisions\/20"}],"wp:attachment":[{"href":"https:\/\/gops.suwalki.pl\/index.php?rest_route=%2Fwp%2Fv2%2Fmedia&parent=19"}],"curies":[{"name":"wp","href":"https:\/\/api.w.org\/{rel}","templated":true}]}}