{"id":27,"date":"2025-10-06T20:12:27","date_gmt":"2025-10-06T20:12:27","guid":{"rendered":"https:\/\/gops.suwalki.pl\/?page_id=27"},"modified":"2026-03-30T19:12:32","modified_gmt":"2026-03-30T19:12:32","slug":"deklaracja-dostepnosci","status":"publish","type":"page","link":"https:\/\/gops.suwalki.pl\/?page_id=27","title":{"rendered":"Deklaracja dost\u0119pno\u015bci"},"content":{"rendered":"\n<p><\/p>\n\n\n\n<p><strong>Deklaracja Dost\u0119pno\u015bci strony internetowej Gminnego O\u015brodka Pomocy Spo\u0142ecznej w Suwa\u0142kach<\/strong><\/p>\n\n\n\n<p>Gminny O\u015brodek Pomocy Spo\u0142ecznej w Suwa\u0142kach zobowi\u0105zuje si\u0119 zapewni\u0107 dost\u0119pno\u015b\u0107 swojej strony internetowej zgodnie z przepisami ustawy z dnia 4 kwietnia 2019 r. o dost\u0119pno\u015bci cyfrowej stron internetowych i aplikacji mobilnych podmiot\u00f3w publicznych. O\u015bwiadczenie w sprawie dost\u0119pno\u015bci ma zastosowanie do serwisu internetowego Gminnego O\u015brodka Pomocy Spo\u0142ecznej w Suwa\u0142kach.<\/p>\n\n\n\n<p>Data publikacji strony internetowej: 06-10-2025 r.<\/p>\n\n\n\n<p>Data ostatniej du\u017cej aktualizacji: 30-03-2026 r.<\/p>\n\n\n\n<p><strong>Status pod wzgl\u0119dem zgodno\u015bci z ustaw\u0105<\/strong><\/p>\n\n\n\n<p>Strona internetowa jest cz\u0119\u015bciowo zgodna z ustaw\u0105 o dost\u0119pno\u015bci cyfrowej stron internetowych i aplikacji mobilnych podmiot\u00f3w publicznych z powodu niezgodno\u015bci lub wy\u0142\u0105cze\u0144 wymienionych poni\u017cej.<\/p>\n\n\n\n<p><strong>Informacja o tre\u015bciach niedost\u0119pnych:<\/strong><\/p>\n\n\n\n<p>multimedia nie posiadaj\u0105 napis\u00f3w dla os\u00f3b g\u0142uchych cz\u0119\u015b\u0107 plik\u00f3w skanowanych nie jest dost\u0119pnych cyfrowo<\/p>\n\n\n\n<p><strong><u>Wy\u0142\u0105czenia:<\/u><\/strong><\/p>\n\n\n\n<p>mapy s\u0105 wy\u0142\u0105czone z obowi\u0105zku zapewniania dost\u0119pno\u015bci filmy zosta\u0142y opublikowane przed wej\u015bciem w \u017cycie ustawy o dost\u0119pno\u015bci cyfrowej<\/p>\n\n\n\n<h3 class=\"wp-block-heading\">Uzasadnienie nadmiernym obci\u0105\u017ceniem:<\/h3>\n\n\n\n<p>Link do wyniku analizy:<\/p>\n\n\n\n<h3 class=\"wp-block-heading\">Przygotowanie deklaracji w sprawie dost\u0119pno\u015bci<\/h3>\n\n\n\n<p>O\u015bwiadczenie sporz\u0105dzono dnia: 21-09-2020 r.<\/p>\n\n\n\n<p>Deklaracja zosta\u0142a ostatnio poddana przegl\u0105dowi i aktualizacji dnia: 30-03-2026 r.<\/p>\n\n\n\n<p>Deklaracj\u0119 sporz\u0105dzono na podstawie samooceny przeprowadzonej przez podmiot publiczny.<\/p>\n\n\n\n<p>Na stronie internetowej mo\u017cna korzysta\u0107 ze standardowych skr\u00f3t\u00f3w klawiaturowych.<\/p>\n\n\n\n<h2 class=\"wp-block-heading\">Informacje zwrotne i dane kontaktowe<\/h2>\n\n\n\n<p>W przypadku problem\u00f3w z dost\u0119pno\u015bci\u0105 strony internetowej prosimy o kontakt. Osob\u0105 kontaktow\u0105 jest Beata Skrocka, adres poczty elektronicznej <a href=\"https:\/\/web.archive.org\/web\/20241109161634\/mailto:serwis@gmina.suwalki.pl\">sekretariat(a)gops.suwalki.pl<\/a>. Kontaktowa\u0107 mo\u017cna si\u0119 tak\u017ce dzwoni\u0105c na numer telefonu 87 565 93 47. T\u0105 sam\u0105 drog\u0105 mo\u017cna sk\u0142ada\u0107 wnioski o udost\u0119pnienie informacji niedost\u0119pnej oraz sk\u0142ada\u0107 skargi na brak zapewnienia dost\u0119pno\u015bci.<\/p>\n\n\n\n<p>Ka\u017cdy ma prawo do wyst\u0105pienia z \u017c\u0105daniem zapewnienia dost\u0119pno\u015bci cyfrowej strony internetowej, aplikacji mobilnej lub jakiego\u015b ich elementu. Mo\u017cna tak\u017ce za\u017c\u0105da\u0107 udost\u0119pnienia informacji w formach alternatywnych, na przyk\u0142ad odczytanie niedost\u0119pnego cyfrowo dokumentu, opisania zawarto\u015bci filmu bez audiodeskrypcji itp. \u017b\u0105danie powinno zawiera\u0107 dane osoby zg\u0142aszaj\u0105cej \u017c\u0105danie, wskazanie, o kt\u00f3r\u0105 stron\u0119 internetow\u0105 lub aplikacj\u0119 mobiln\u0105 chodzi oraz spos\u00f3b kontaktu. Je\u017celi osoba \u017c\u0105daj\u0105ca zg\u0142asza potrzeb\u0119 otrzymania informacji w formie alternatywnej, powinna tak\u017ce okre\u015bli\u0107 form\u0119 tej informacji. Podmiot publiczny powinien zrealizowa\u0107 \u017c\u0105danie niezw\u0142ocznie i nie p\u00f3\u017aniej, ni\u017c w ci\u0105gu 7 dni. Je\u017celi dotrzymanie tego terminu nie jest mo\u017cliwe, podmiot publiczny niezw\u0142ocznie informuje o tym, kiedy realizacja \u017c\u0105dania b\u0119dzie mo\u017cliwa, przy czym termin ten nie mo\u017ce by\u0107 d\u0142u\u017cszy ni\u017c 2 miesi\u0105ce. Je\u017celi zapewnienie dost\u0119pno\u015bci nie jest mo\u017cliwe, podmiot publiczny mo\u017ce zaproponowa\u0107 alternatywny spos\u00f3b dost\u0119pu do informacji. W przypadku, gdy podmiot odm\u00f3wi realizacji \u017c\u0105dania zapewnienia dost\u0119pno\u015bci lub alternatywnego dost\u0119pu do informacji, mo\u017cna z\u0142o\u017cy\u0107 skarg\u0119 na takie dzia\u0142anie. Po wyczerpaniu wskazanej wy\u017cej procedury mo\u017cna tak\u017ce z\u0142o\u017cy\u0107 wniosek do <a href=\"https:\/\/web.archive.org\/web\/20241109161634\/https:\/\/www.rpo.gov.pl\/\">Rzecznika Praw Obywatelskich<\/a>.<\/p>\n\n\n\n<h2 class=\"wp-block-heading\">Skargi i odwo\u0142ania<\/h2>\n\n\n\n<p>Nazwa organu odwo\u0142awczego: W\u00f3jt Gminy Suwa\u0142ki<\/p>\n\n\n\n<p>Adres organu odwo\u0142awczego: ulica \u015awierkowa 45, 16-400 Suwa\u0142ki<\/p>\n\n\n\n<p>Adres e-mail organu odwo\u0142awczego: <a href=\"https:\/\/web.archive.org\/web\/20241109161634\/mailto:sekretariat@gmina.suwalki.pl\">sekretariat@gmina.suwalki.pl<\/a><\/p>\n\n\n\n<p>Telefon organu odwo\u0142awczego: +875659300<\/p>\n\n\n\n<h3 class=\"wp-block-heading\">Gminny O\u015brodek Pomocy Spo\u0142ecznej ul. \u015awierkowa 45, 16-400 Suwa\u0142ki<\/h3>\n\n\n\n<h3 class=\"wp-block-heading\">Do budynku prowadz\u0105 dwa wej\u015bcia: pierwsze wej\u015bcie g\u0142\u00f3wne oraz wej\u015bcie boczne od ulicy \u015awierkowej.<\/h3>\n\n\n\n<h3 class=\"wp-block-heading\">Oba wej\u015bcia posiadaj\u0105 podjazd dla os\u00f3b niepe\u0142nosprawnych.<\/h3>\n\n\n\n<p>Biuro Obs\u0142ugi Interesanta (BOI) znajduje si\u0119 po prawej stronie od wej\u015bcia g\u0142\u00f3wnego.<\/p>\n\n\n\n<p>W holu g\u0142\u00f3wnym po lewej stronie znajduj\u0119 si\u0119 winda.<\/p>\n\n\n\n<p>W ci\u0105gach komunikacyjnych nie ma prog\u00f3w uniemo\u017cliwiaj\u0105cych przemieszczanie si\u0119 osobom na w\u00f3zkach.<\/p>\n\n\n\n<p>Dla os\u00f3b na w\u00f3zkach dost\u0119pne s\u0105 wszystkie korytarze i pomieszczenia na dw\u00f3ch kondygnacjach budynku bez ogranicze\u0144 architektonicznych.<br>Toaleta dla os\u00f3b niepe\u0142nosprawnych znajduje si\u0119 na parterze za BOI oraz na I pi\u0119trze.<br>Przed budynkiem na og\u00f3lnodost\u0119pnym parkingu, wyznaczono 1 miejsce parkingowe dla os\u00f3b niepe\u0142nosprawnych.<br>Do budynku i wszystkich jego pomieszcze\u0144 mo\u017cna wej\u015b\u0107 z psem asystuj\u0105cym i psem przewodnikiem.<br>W budynku urz\u0119du nie ma p\u0119tli indukcyjnych.<br>W budynku urz\u0119du nie ma informacji g\u0142osowych.<\/p>\n\n\n\n<h3 class=\"wp-block-heading\">Udogodnienia<\/h3>\n\n\n\n<ol class=\"wp-block-list\">\n<li>na stronie mo\u017cna nawigowa\u0107 za pomoc\u0105 klawisza tabulacji TAB<\/li>\n\n\n\n<li>strona posiada wersj\u0119 o du\u017cym kontra\u015bcie<\/li>\n\n\n\n<li>na stronie jest mo\u017cliwo\u015b\u0107 zmiany wielko\u015bci czcionki<\/li>\n<\/ol>\n\n\n\n<h3 class=\"wp-block-heading\">Inne informacje i o\u015bwiadczenia<\/h3>\n\n\n\n<p>Gminny O\u015brodek Pomocy Spo\u0142ecznej dok\u0142ada stara\u0144 aby sukcesywnie wymienia\u0107 tre\u015bci niedost\u0119pne cyfrowo na tre\u015bci dost\u0119pne cyfrowo w Biuletynie Informacji Publicznej. Dotyczy to mi\u0119dzy innymi skanowanych dokument\u00f3w, zdj\u0119\u0107 i link\u00f3w bez opis\u00f3w alternatywnych, film\u00f3w bez napis\u00f3w dla os\u00f3b g\u0142uchych.<\/p>\n\n\n\n<p>Gminny O\u015brodek Pomocy Spo\u0142ecznej nie posiada aplikacji mobilnych.<\/p>\n","protected":false},"excerpt":{"rendered":"<p>Deklaracja Dost\u0119pno\u015bci strony internetowej Gminnego O\u015brodka Pomocy Spo\u0142ecznej w Suwa\u0142kach Gminny O\u015brodek Pomocy Spo\u0142ecznej w Suwa\u0142kach zobowi\u0105zuje si\u0119 zapewni\u0107 dost\u0119pno\u015b\u0107 swojej strony internetowej zgodnie z przepisami ustawy z dnia 4 kwietnia 2019 r. o dost\u0119pno\u015bci cyfrowej stron internetowych i aplikacji mobilnych podmiot\u00f3w publicznych. O\u015bwiadczenie w sprawie dost\u0119pno\u015bci ma zastosowanie do serwisu internetowego Gminnego O\u015brodka Pomocy [&hellip;]<\/p>\n","protected":false},"author":1,"featured_media":0,"parent":0,"menu_order":0,"comment_status":"closed","ping_status":"closed","template":"","meta":{"footnotes":""},"class_list":["post-27","page","type-page","status-publish","hentry"],"_links":{"self":[{"href":"https:\/\/gops.suwalki.pl\/index.php?rest_route=\/wp\/v2\/pages\/27","targetHints":{"allow":["GET"]}}],"collection":[{"href":"https:\/\/gops.suwalki.pl\/index.php?rest_route=\/wp\/v2\/pages"}],"about":[{"href":"https:\/\/gops.suwalki.pl\/index.php?rest_route=\/wp\/v2\/types\/page"}],"author":[{"embeddable":true,"href":"https:\/\/gops.suwalki.pl\/index.php?rest_route=\/wp\/v2\/users\/1"}],"replies":[{"embeddable":true,"href":"https:\/\/gops.suwalki.pl\/index.php?rest_route=%2Fwp%2Fv2%2Fcomments&post=27"}],"version-history":[{"count":4,"href":"https:\/\/gops.suwalki.pl\/index.php?rest_route=\/wp\/v2\/pages\/27\/revisions"}],"predecessor-version":[{"id":226,"href":"https:\/\/gops.suwalki.pl\/index.php?rest_route=\/wp\/v2\/pages\/27\/revisions\/226"}],"wp:attachment":[{"href":"https:\/\/gops.suwalki.pl\/index.php?rest_route=%2Fwp%2Fv2%2Fmedia&parent=27"}],"curies":[{"name":"wp","href":"https:\/\/api.w.org\/{rel}","templated":true}]}}