{"id":62,"date":"2025-10-06T20:23:08","date_gmt":"2025-10-06T20:23:08","guid":{"rendered":"https:\/\/gops.suwalki.pl\/?page_id=62"},"modified":"2025-12-18T21:51:11","modified_gmt":"2025-12-18T21:51:11","slug":"dodatek-energetyczny","status":"publish","type":"page","link":"https:\/\/gops.suwalki.pl\/?page_id=62","title":{"rendered":"Dodatek energetyczny"},"content":{"rendered":"\n<p>UWAGA !!!! <strong><mark style=\"background-color:rgba(0, 0, 0, 0)\" class=\"has-inline-color has-vivid-red-color\">wyp\u0142ata dodatku energetycznego zostaje zawieszona do 31 grudnia 2027\u00a0r.<\/mark><\/strong><\/p>\n\n\n\n<p><strong>Gminny O\u015brodek Pomocy Spo\u0142ecznej w Suwa\u0142kach ul. \u015awierkowa 45,<\/strong><\/p>\n\n\n\n<h3 class=\"wp-block-heading\"><strong>godziny pracy urz\u0119du: <small><strong>poniedzia\u0142ek &#8211; 8:00 &#8211; 16:00<\/strong> ,&nbsp; <strong>wtorek &#8211; pi\u0105tek &#8211; 7.30 &#8211; 15.30<\/strong><\/small><\/strong><\/h3>\n\n\n\n<p><strong>sk\u0142adanie wniosk\u00f3w &#8211; pok\u00f3j nr 40, informacja&nbsp; tel. 87&nbsp;565 93 63<\/strong><\/p>\n\n\n\n<h3 class=\"wp-block-heading\"><strong>Wa\u017cne!<\/strong><\/h3>\n\n\n\n<h3 class=\"wp-block-heading\"><em>Wyp\u0142ata dodatku energetycznego zostaje zawieszona do 31 grudnia 2027\u00a0r.\u00a0<\/em><\/h3>\n\n\n\n<p><strong>Zrycza\u0142towany dodatek energetyczny<\/strong><\/p>\n\n\n\n<p><strong>Podstawa prawna<\/strong><\/p>\n\n\n\n<p>&#8211; Ustawa z dnia 10 kwietnia 1997r. Prawo energetyczne ( Dz. U. z 2021 r. poz. 716 ),<\/p>\n\n\n\n<p>&#8211; obwieszczenia Ministra Klimatu i \u015arodowiska z dnia 16 kwietnia 2021 r. w sprawie wysoko\u015bci dodatku energetycznego obowi\u0105zuj\u0105cej od dnia 1 maja 2021 r. do dnia 30 kwietnia 2022 r. (M.P. poz. 393)&nbsp;<\/p>\n\n\n\n<p><strong>Informacje og\u00f3lne<\/strong><\/p>\n\n\n\n<p><strong>Zrycza\u0142towany dodatek energetyczny przys\u0142uguje odbiorcy wra\u017cliwemu energii elektrycznej, tj. osobie pobieraj\u0105cej dodatek mieszkaniowy.<\/strong><\/p>\n\n\n\n<ol class=\"wp-block-list\">\n<li>Zgodnie z ustaw\u0105 z dnia 10 kwietnia 1997r. Prawo energetyczne odbiorc\u0105 wra\u017cliwym energii elektrycznej jest osoba, kt\u00f3rej przyznano dodatek mieszkaniowy w rozumieniu art. 2 ust. 1 ustawy z dnia 21 czerwca 2001 r. o dodatkach mieszkaniowych (Dz. U. z 2019 r. poz. 2133 z p\u00f3\u017an. zm.), kt\u00f3ra jest stron\u0105 umowy kompleksowej lub umowy sprzeda\u017cy energii elektrycznej zawartej z przedsi\u0119biorstwem energetycznym i zamieszkuje w miejscu dostarczania energii elektrycznej (art. 3 pkt 13c ).<\/li>\n\n\n\n<li>Dodatek energetyczny wynosi rocznie nie wi\u0119cej ni\u017c 30% iloczynu limitu zu\u017cycia energii elektrycznej oraz \u015bredniej ceny energii elektrycznej dla odbiorcy energii elektrycznej w gospodarstwie domowym, og\u0142aszanej na podstawie art. 23 ust. 2 pkt 18 lit. d.<\/li>\n\n\n\n<li>Wysoko\u015b\u0107 limitu, o kt\u00f3rym mowa w ust. 2, wynosi:<\/li>\n<\/ol>\n\n\n\n<p>1) 900 kWh w roku kalendarzowym \u2013 dla gospodarstwa domowego prowadzonego przez osob\u0119 samotn\u0105;<\/p>\n\n\n\n<p>2) 1250 kWh w roku kalendarzowym \u2013 dla gospodarstwa domowego sk\u0142adaj\u0105cego si\u0119 z 2 do 4 os\u00f3b;<\/p>\n\n\n\n<p>3) 1500 kWh w roku kalendarzowym \u2013 dla gospodarstwa domowego sk\u0142adaj\u0105cego si\u0119 z co najmniej 5 os\u00f3b.<\/p>\n\n\n\n<p>4) Minister w\u0142a\u015bciwy do spraw energii og\u0142asza, w terminie do dnia 30 kwietnia ka\u017cdego roku, w drodze obwieszczenia, w Dzienniku Urz\u0119dowym Rzeczypospolitej Polskiej \u201eMonitor Polski\u201d, wysoko\u015b\u0107 dodatku energetycznego na kolejne 12 miesi\u0119cy, bior\u0105c pod uwag\u0119 \u015brodki przewidziane na ten cel w ustawie bud\u017cetowej.<\/p>\n\n\n\n<p>5) Dodatek energetyczny przyznaje w\u00f3jt, burmistrz lub prezydent miasta, w drodze decyzji, na wniosek odbiorcy wra\u017cliwego energii elektrycznej. Do wniosku do\u0142\u0105cza si\u0119 kopi\u0119 umowy kompleksowej lub umowy sprzeda\u017cy energii elektrycznej.<\/p>\n\n\n\n<p>6) Dodatek energetyczny wyp\u0142aca si\u0119 odbiorcy wra\u017cliwemu energii elektrycznej do dnia 10 ka\u017cdego miesi\u0105ca z g\u00f3ry, z wyj\u0105tkiem miesi\u0105ca stycznia, w kt\u00f3rym dodatek energetyczny wyp\u0142aca si\u0119 do dnia 30 stycznia danego roku.<\/p>\n\n\n\n<p><strong>Termin i spos\u00f3b za\u0142atwienia<\/strong><\/p>\n\n\n\n<p>Post\u0119powanie w sprawie ustalenia prawa do zrycza\u0142towanego dodatku energetycznego ko\u0144czy si\u0119 wydaniem decyzji administracyjnej w terminie miesi\u0105ca od dnia z\u0142o\u017cenia wniosku.<\/p>\n\n\n\n<p><strong>Wysoko\u015b\u0107 dodatku energetycznego obowi\u0105zuj\u0105ca od dnia 1 maja 2021 r. do dnia&nbsp; 30 kwietnia 2022 r. dla gospodarstwa domowego:<\/strong><\/p>\n\n\n\n<p>1) prowadzonego przez osob\u0119 samotn\u0105 wynosi \u2013 12,09 z\u0142 \/ miesi\u0105c;<\/p>\n\n\n\n<p>2) sk\u0142adaj\u0105cego si\u0119 z 2 do 4 os\u00f3b wynosi \u2013 16,79 z\u0142 \/ miesi\u0105c;<\/p>\n\n\n\n<p>3) sk\u0142adaj\u0105cego si\u0119 z co najmniej 5 os\u00f3b wynosi \u2013 20,15 z\u0142 \/ miesi\u0105c.<\/p>\n\n\n\n<p><strong>Wymagane dokumenty:<\/strong><\/p>\n\n\n\n<p>&nbsp;&#8211; wniosek o przyznanie dodatku energetycznego,<\/p>\n\n\n\n<p>&nbsp;&#8211;&nbsp; kopia umowy kompleksowej sprzeda\u017cy energii elektrycznej lub umowy sprzeda\u017cy energii elektrycznej, orygina\u0142 do wgl\u0105du;<\/p>\n\n\n\n<p><strong>Miejsce <\/strong><strong>z\u0142o\u017cenia dokument\u00f3w:<\/strong><\/p>\n\n\n\n<p>Gminny O\u015brodek Pomocy Spo\u0142ecznej w Suwa\u0142kach ul. \u015awierkowa 45,<\/p>\n\n\n\n<p>godziny pracy urz\u0119du: &nbsp;<\/p>\n\n\n\n<p>poniedzia\u0142ek 8:00 \u2013 16:00<\/p>\n\n\n\n<p><strong>wtorek \u2013 pi\u0105tek 7:30 \u2013 15:30<\/strong><\/p>\n\n\n\n<p>sk\u0142adanie wniosk\u00f3w &#8211; pok\u00f3j nr 40, tel. 87&nbsp;565 93 63<\/p>\n\n\n\n<h3 class=\"wp-block-heading\">Pliki do pobrania<\/h3>\n\n\n\n<div data-wp-interactive=\"core\/file\" class=\"wp-block-file\"><object data-wp-bind--hidden=\"!state.hasPdfPreview\" hidden class=\"wp-block-file__embed\" data=\"https:\/\/gops.suwalki.pl\/wp-content\/uploads\/2025\/12\/Obwieszczenie-Ministra-Klimatu-i-Srodowiska.pdf\" type=\"application\/pdf\" style=\"width:100%;height:600px\" aria-label=\"Osadzone z Obwieszczenie Ministra Klimatu i Srodowiska.\"><\/object><a id=\"wp-block-file--media-9532fdea-2f70-40a1-aa0d-280361e95e71\" href=\"https:\/\/gops.suwalki.pl\/wp-content\/uploads\/2025\/12\/Obwieszczenie-Ministra-Klimatu-i-Srodowiska.pdf\">Obwieszczenie Ministra Klimatu i Srodowiska<\/a><a href=\"https:\/\/gops.suwalki.pl\/wp-content\/uploads\/2025\/12\/Obwieszczenie-Ministra-Klimatu-i-Srodowiska.pdf\" class=\"wp-block-file__button wp-element-button\" download aria-describedby=\"wp-block-file--media-9532fdea-2f70-40a1-aa0d-280361e95e71\">Pobierz<\/a><\/div>\n\n\n\n<div data-wp-interactive=\"core\/file\" class=\"wp-block-file\"><object data-wp-bind--hidden=\"!state.hasPdfPreview\" hidden class=\"wp-block-file__embed\" data=\"https:\/\/gops.suwalki.pl\/wp-content\/uploads\/2025\/12\/OBWIESZCZENIE-MARSZALKA-SEJMU-RZECZYPOSPOLITEJ-POLSKIEJ-.pdf\" type=\"application\/pdf\" style=\"width:100%;height:600px\" aria-label=\"Osadzone z OBWIESZCZENIE MARSZALKA SEJMU RZECZYPOSPOLITEJ POLSKIEJ.\"><\/object><a id=\"wp-block-file--media-7ddf8206-16e6-4479-88cc-a263e98dc4d5\" href=\"https:\/\/gops.suwalki.pl\/wp-content\/uploads\/2025\/12\/OBWIESZCZENIE-MARSZALKA-SEJMU-RZECZYPOSPOLITEJ-POLSKIEJ-.pdf\">OBWIESZCZENIE MARSZALKA SEJMU RZECZYPOSPOLITEJ POLSKIEJ<\/a><a href=\"https:\/\/gops.suwalki.pl\/wp-content\/uploads\/2025\/12\/OBWIESZCZENIE-MARSZALKA-SEJMU-RZECZYPOSPOLITEJ-POLSKIEJ-.pdf\" class=\"wp-block-file__button wp-element-button\" download aria-describedby=\"wp-block-file--media-7ddf8206-16e6-4479-88cc-a263e98dc4d5\">Pobierz<\/a><\/div>\n\n\n\n<div class=\"wp-block-file\"><a id=\"wp-block-file--media-a3e25cf1-2c2c-4ce6-a18b-c940833b148e\" href=\"https:\/\/gops.suwalki.pl\/wp-content\/uploads\/2025\/12\/wniosek-o-dodatek-energetyczny.docx\">wniosek o dodatek energetyczny<\/a><a href=\"https:\/\/gops.suwalki.pl\/wp-content\/uploads\/2025\/12\/wniosek-o-dodatek-energetyczny.docx\" class=\"wp-block-file__button wp-element-button\" download aria-describedby=\"wp-block-file--media-a3e25cf1-2c2c-4ce6-a18b-c940833b148e\">Pobierz<\/a><\/div>\n\n\n\n<div data-wp-interactive=\"core\/file\" class=\"wp-block-file\"><object data-wp-bind--hidden=\"!state.hasPdfPreview\" hidden class=\"wp-block-file__embed\" data=\"https:\/\/gops.suwalki.pl\/wp-content\/uploads\/2025\/12\/akt.pdf\" type=\"application\/pdf\" style=\"width:100%;height:600px\" aria-label=\"Osadzone z akt.\"><\/object><a id=\"wp-block-file--media-fde21edf-bf9f-4ac9-babe-091feebab8e0\" href=\"https:\/\/gops.suwalki.pl\/wp-content\/uploads\/2025\/12\/akt.pdf\">akt<\/a><a href=\"https:\/\/gops.suwalki.pl\/wp-content\/uploads\/2025\/12\/akt.pdf\" class=\"wp-block-file__button wp-element-button\" download aria-describedby=\"wp-block-file--media-fde21edf-bf9f-4ac9-babe-091feebab8e0\">Pobierz<\/a><\/div>\n","protected":false},"excerpt":{"rendered":"<p>UWAGA !!!! wyp\u0142ata dodatku energetycznego zostaje zawieszona do 31 grudnia 2027\u00a0r. Gminny O\u015brodek Pomocy Spo\u0142ecznej w Suwa\u0142kach ul. \u015awierkowa 45, godziny pracy urz\u0119du: poniedzia\u0142ek &#8211; 8:00 &#8211; 16:00 ,&nbsp; wtorek &#8211; pi\u0105tek &#8211; 7.30 &#8211; 15.30 sk\u0142adanie wniosk\u00f3w &#8211; pok\u00f3j nr 40, informacja&nbsp; tel. 87&nbsp;565 93 63 Wa\u017cne! Wyp\u0142ata dodatku energetycznego zostaje zawieszona do 31 [&hellip;]<\/p>\n","protected":false},"author":1,"featured_media":0,"parent":0,"menu_order":0,"comment_status":"closed","ping_status":"closed","template":"","meta":{"footnotes":""},"class_list":["post-62","page","type-page","status-publish","hentry"],"_links":{"self":[{"href":"https:\/\/gops.suwalki.pl\/index.php?rest_route=\/wp\/v2\/pages\/62","targetHints":{"allow":["GET"]}}],"collection":[{"href":"https:\/\/gops.suwalki.pl\/index.php?rest_route=\/wp\/v2\/pages"}],"about":[{"href":"https:\/\/gops.suwalki.pl\/index.php?rest_route=\/wp\/v2\/types\/page"}],"author":[{"embeddable":true,"href":"https:\/\/gops.suwalki.pl\/index.php?rest_route=\/wp\/v2\/users\/1"}],"replies":[{"embeddable":true,"href":"https:\/\/gops.suwalki.pl\/index.php?rest_route=%2Fwp%2Fv2%2Fcomments&post=62"}],"version-history":[{"count":7,"href":"https:\/\/gops.suwalki.pl\/index.php?rest_route=\/wp\/v2\/pages\/62\/revisions"}],"predecessor-version":[{"id":214,"href":"https:\/\/gops.suwalki.pl\/index.php?rest_route=\/wp\/v2\/pages\/62\/revisions\/214"}],"wp:attachment":[{"href":"https:\/\/gops.suwalki.pl\/index.php?rest_route=%2Fwp%2Fv2%2Fmedia&parent=62"}],"curies":[{"name":"wp","href":"https:\/\/api.w.org\/{rel}","templated":true}]}}

<p>UWAGA !!!! <strong><mark style="background-color:rgba(0, 0, 0, 0)" class="has-inline-color has-vivid-red-color">wypłata dodatku energetycznego zostaje zawieszona do 31 grudnia 2027 r.</mark></strong></p>



<p><strong>Gminny Ośrodek Pomocy Społecznej w Suwałkach ul. Świerkowa 45,</strong></p>



<h3 class="wp-block-heading"><strong>godziny pracy urzędu: <small><strong>poniedziałek &#8211; 8:00 &#8211; 16:00</strong> ,&nbsp; <strong>wtorek &#8211; piątek &#8211; 7.30 &#8211; 15.30</strong></small></strong></h3>



<p><strong>składanie wniosków &#8211; pokój nr 40, informacja&nbsp; tel. 87&nbsp;565 93 63</strong></p>



<h3 class="wp-block-heading"><strong>Ważne!</strong></h3>



<h3 class="wp-block-heading"><em>Wypłata dodatku energetycznego zostaje zawieszona do 31 grudnia 2027 r. </em></h3>



<p><strong>Zryczałtowany dodatek energetyczny</strong></p>



<p><strong>Podstawa prawna</strong></p>



<p>&#8211; Ustawa z dnia 10 kwietnia 1997r. Prawo energetyczne ( Dz. U. z 2021 r. poz. 716 ),</p>



<p>&#8211; obwieszczenia Ministra Klimatu i Środowiska z dnia 16 kwietnia 2021 r. w sprawie wysokości dodatku energetycznego obowiązującej od dnia 1 maja 2021 r. do dnia 30 kwietnia 2022 r. (M.P. poz. 393)&nbsp;</p>



<p><strong>Informacje ogólne</strong></p>



<p><strong>Zryczałtowany dodatek energetyczny przysługuje odbiorcy wrażliwemu energii elektrycznej, tj. osobie pobierającej dodatek mieszkaniowy.</strong></p>



<ol class="wp-block-list">
<li>Zgodnie z ustawą z dnia 10 kwietnia 1997r. Prawo energetyczne odbiorcą wrażliwym energii elektrycznej jest osoba, której przyznano dodatek mieszkaniowy w rozumieniu art. 2 ust. 1 ustawy z dnia 21 czerwca 2001 r. o dodatkach mieszkaniowych (Dz. U. z 2019 r. poz. 2133 z późn. zm.), która jest stroną umowy kompleksowej lub umowy sprzedaży energii elektrycznej zawartej z przedsiębiorstwem energetycznym i zamieszkuje w miejscu dostarczania energii elektrycznej (art. 3 pkt 13c ).</li>



<li>Dodatek energetyczny wynosi rocznie nie więcej niż 30% iloczynu limitu zużycia energii elektrycznej oraz średniej ceny energii elektrycznej dla odbiorcy energii elektrycznej w gospodarstwie domowym, ogłaszanej na podstawie art. 23 ust. 2 pkt 18 lit. d.</li>



<li>Wysokość limitu, o którym mowa w ust. 2, wynosi:</li>
</ol>



<p>1) 900 kWh w roku kalendarzowym – dla gospodarstwa domowego prowadzonego przez osobę samotną;</p>



<p>2) 1250 kWh w roku kalendarzowym – dla gospodarstwa domowego składającego się z 2 do 4 osób;</p>



<p>3) 1500 kWh w roku kalendarzowym – dla gospodarstwa domowego składającego się z co najmniej 5 osób.</p>



<p>4) Minister właściwy do spraw energii ogłasza, w terminie do dnia 30 kwietnia każdego roku, w drodze obwieszczenia, w Dzienniku Urzędowym Rzeczypospolitej Polskiej „Monitor Polski”, wysokość dodatku energetycznego na kolejne 12 miesięcy, biorąc pod uwagę środki przewidziane na ten cel w ustawie budżetowej.</p>



<p>5) Dodatek energetyczny przyznaje wójt, burmistrz lub prezydent miasta, w drodze decyzji, na wniosek odbiorcy wrażliwego energii elektrycznej. Do wniosku dołącza się kopię umowy kompleksowej lub umowy sprzedaży energii elektrycznej.</p>



<p>6) Dodatek energetyczny wypłaca się odbiorcy wrażliwemu energii elektrycznej do dnia 10 każdego miesiąca z góry, z wyjątkiem miesiąca stycznia, w którym dodatek energetyczny wypłaca się do dnia 30 stycznia danego roku.</p>



<p><strong>Termin i sposób załatwienia</strong></p>



<p>Postępowanie w sprawie ustalenia prawa do zryczałtowanego dodatku energetycznego kończy się wydaniem decyzji administracyjnej w terminie miesiąca od dnia złożenia wniosku.</p>



<p><strong>Wysokość dodatku energetycznego obowiązująca od dnia 1 maja 2021 r. do dnia&nbsp; 30 kwietnia 2022 r. dla gospodarstwa domowego:</strong></p>



<p>1) prowadzonego przez osobę samotną wynosi – 12,09 zł / miesiąc;</p>



<p>2) składającego się z 2 do 4 osób wynosi – 16,79 zł / miesiąc;</p>



<p>3) składającego się z co najmniej 5 osób wynosi – 20,15 zł / miesiąc.</p>



<p><strong>Wymagane dokumenty:</strong></p>



<p>&nbsp;&#8211; wniosek o przyznanie dodatku energetycznego,</p>



<p>&nbsp;&#8211;&nbsp; kopia umowy kompleksowej sprzedaży energii elektrycznej lub umowy sprzedaży energii elektrycznej, oryginał do wglądu;</p>



<p><strong>Miejsce </strong><strong>złożenia dokumentów:</strong></p>



<p>Gminny Ośrodek Pomocy Społecznej w Suwałkach ul. Świerkowa 45,</p>



<p>godziny pracy urzędu: &nbsp;</p>



<p>poniedziałek 8:00 – 16:00</p>



<p><strong>wtorek – piątek 7:30 – 15:30</strong></p>



<p>składanie wniosków &#8211; pokój nr 40, tel. 87&nbsp;565 93 63</p>



<h3 class="wp-block-heading">Pliki do pobrania</h3>



<div data-wp-interactive="core/file" class="wp-block-file"><object data-wp-bind--hidden="!state.hasPdfPreview" hidden class="wp-block-file__embed" data="https://gops.suwalki.pl/wp-content/uploads/2025/12/Obwieszczenie-Ministra-Klimatu-i-Srodowiska.pdf" type="application/pdf" style="width:100%;height:600px" aria-label="Osadzone z Obwieszczenie Ministra Klimatu i Srodowiska."></object><a id="wp-block-file--media-9532fdea-2f70-40a1-aa0d-280361e95e71" href="https://gops.suwalki.pl/wp-content/uploads/2025/12/Obwieszczenie-Ministra-Klimatu-i-Srodowiska.pdf">Obwieszczenie Ministra Klimatu i Srodowiska</a><a href="https://gops.suwalki.pl/wp-content/uploads/2025/12/Obwieszczenie-Ministra-Klimatu-i-Srodowiska.pdf" class="wp-block-file__button wp-element-button" download aria-describedby="wp-block-file--media-9532fdea-2f70-40a1-aa0d-280361e95e71">Pobierz</a></div>



<div data-wp-interactive="core/file" class="wp-block-file"><object data-wp-bind--hidden="!state.hasPdfPreview" hidden class="wp-block-file__embed" data="https://gops.suwalki.pl/wp-content/uploads/2025/12/OBWIESZCZENIE-MARSZALKA-SEJMU-RZECZYPOSPOLITEJ-POLSKIEJ-.pdf" type="application/pdf" style="width:100%;height:600px" aria-label="Osadzone z OBWIESZCZENIE MARSZALKA SEJMU RZECZYPOSPOLITEJ POLSKIEJ."></object><a id="wp-block-file--media-7ddf8206-16e6-4479-88cc-a263e98dc4d5" href="https://gops.suwalki.pl/wp-content/uploads/2025/12/OBWIESZCZENIE-MARSZALKA-SEJMU-RZECZYPOSPOLITEJ-POLSKIEJ-.pdf">OBWIESZCZENIE MARSZALKA SEJMU RZECZYPOSPOLITEJ POLSKIEJ</a><a href="https://gops.suwalki.pl/wp-content/uploads/2025/12/OBWIESZCZENIE-MARSZALKA-SEJMU-RZECZYPOSPOLITEJ-POLSKIEJ-.pdf" class="wp-block-file__button wp-element-button" download aria-describedby="wp-block-file--media-7ddf8206-16e6-4479-88cc-a263e98dc4d5">Pobierz</a></div>



<div class="wp-block-file"><a id="wp-block-file--media-a3e25cf1-2c2c-4ce6-a18b-c940833b148e" href="https://gops.suwalki.pl/wp-content/uploads/2025/12/wniosek-o-dodatek-energetyczny.docx">wniosek o dodatek energetyczny</a><a href="https://gops.suwalki.pl/wp-content/uploads/2025/12/wniosek-o-dodatek-energetyczny.docx" class="wp-block-file__button wp-element-button" download aria-describedby="wp-block-file--media-a3e25cf1-2c2c-4ce6-a18b-c940833b148e">Pobierz</a></div>



<div data-wp-interactive="core/file" class="wp-block-file"><object data-wp-bind--hidden="!state.hasPdfPreview" hidden class="wp-block-file__embed" data="https://gops.suwalki.pl/wp-content/uploads/2025/12/akt.pdf" type="application/pdf" style="width:100%;height:600px" aria-label="Osadzone z akt."></object><a id="wp-block-file--media-fde21edf-bf9f-4ac9-babe-091feebab8e0" href="https://gops.suwalki.pl/wp-content/uploads/2025/12/akt.pdf">akt</a><a href="https://gops.suwalki.pl/wp-content/uploads/2025/12/akt.pdf" class="wp-block-file__button wp-element-button" download aria-describedby="wp-block-file--media-fde21edf-bf9f-4ac9-babe-091feebab8e0">Pobierz</a></div>

<p>UWAGA !!!! wypłata dodatku energetycznego zostaje zawieszona do 31 grudnia 2027 r. Gminny Ośrodek Pomocy Społecznej w Suwałkach ul. Świerkowa 45, godziny pracy urzędu: poniedziałek &#8211; 8:00 &#8211; 16:00 ,&nbsp; wtorek &#8211; piątek &#8211; 7.30 &#8211; 15.30 składanie wniosków &#8211; pokój nr 40, informacja&nbsp; tel. 87&nbsp;565 93 63 Ważne! Wypłata dodatku energetycznego zostaje zawieszona do 31 [&hellip;]</p>
