{"id":72,"date":"2025-10-06T20:25:53","date_gmt":"2025-10-06T20:25:53","guid":{"rendered":"https:\/\/gops.suwalki.pl\/?page_id=72"},"modified":"2025-12-18T21:30:17","modified_gmt":"2025-12-18T21:30:17","slug":"podprogram-2019-efekty","status":"publish","type":"page","link":"https:\/\/gops.suwalki.pl\/?page_id=72","title":{"rendered":"Podprogram 2019 &#8211; efekty"},"content":{"rendered":"\n<p><strong>PODPROGRAM 2019 \u2013 efekty<\/strong><\/p>\n\n\n\n<ol class=\"wp-block-list\">\n<li>Ochotnicza Stra\u017c Po\u017carna w Sobolewie z terenu wojew\u00f3dztwa podlaskiego przy wsp\u00f3\u0142pracy ze <strong>Stowarzyszeniem Bank \u017bywno\u015bci Suwa\u0142ki &#8211; Bia\u0142ystok<\/strong> realizowa\u0142a Program Operacyjny Pomoc \u017bywno\u015bciowa Podprogram 2019 wsp\u00f3\u0142finasowany z Europejskiego Funduszu Pomocy Najbardziej Potrzebuj\u0105cym, kt\u00f3rego celem by\u0142o zapewnienie najubo\u017cszym mieszka\u0144com Polski pomocy \u017cywno\u015bciowej oraz uczestnictwa w dzia\u0142aniach w ramach \u015brodk\u00f3w towarzysz\u0105cych w okresie grudzie\u0144 2019 \u2013 wrzesie\u0144 2020.<\/li>\n\n\n\n<li>Osoby potrzebuj\u0105ce otrzyma\u0142y bezp\u0142atnie artyku\u0142y spo\u017cywcze:<\/li>\n<\/ol>\n\n\n\n<ul class=\"wp-block-list\">\n<li>warzywne i owocowe (groszek z marchewk\u0105, fasola bia\u0142a, koncentrat pomidorowy, buraczki wi\u00f3rki, sok jab\u0142kowy, powid\u0142a \u015bliwkowe);<\/li>\n\n\n\n<li>skrobiowe (makaron jajeczny, makaron kukurydziany bezglutenowy, ry\u017c bia\u0142y, kasza gryczana, herbatniki ma\u015blane),<\/li>\n\n\n\n<li>mleczne (mleko UHT, ser podpuszczkowy dojrzewaj\u0105cy),<\/li>\n\n\n\n<li>mi\u0119sne (szynka drobiowa, pasztet wieprzowy, filet z makreli w oleju),<\/li>\n<\/ul>\n\n\n\n<ul class=\"wp-block-list\">\n<li>cukier (cukier bia\u0142y, mi\u00f3d wielokwiatowy),<\/li>\n\n\n\n<li>t\u0142uszcze (olej rzepakowy),<\/li>\n\n\n\n<li>dania gotowe (go\u0142\u0105bki w sosie pomidorowym).<\/li>\n<\/ul>\n\n\n\n<ol start=\"2\" class=\"wp-block-list\">\n<li>Pomoc \u017cywno\u015bciowa trafi\u0142a do 256 os\u00f3b znajduj\u0105cych si\u0119 w trudnej sytuacji \u017cyciowej z terenu z terenu gminy Suwa\u0142ki.<\/li>\n\n\n\n<li>Wydali\u015bmy osobom potrzebuj\u0105cym:<\/li>\n<\/ol>\n\n\n\n<p>o 14.636,92 ton \u017cywno\u015bci;<\/p>\n\n\n\n<p>o 768 paczek \u017cywno\u015bciowych.<\/p>\n","protected":false},"excerpt":{"rendered":"<p>PODPROGRAM 2019 \u2013 efekty o 14.636,92 ton \u017cywno\u015bci; o 768 paczek \u017cywno\u015bciowych.<\/p>\n","protected":false},"author":1,"featured_media":0,"parent":0,"menu_order":0,"comment_status":"closed","ping_status":"closed","template":"","meta":{"footnotes":""},"class_list":["post-72","page","type-page","status-publish","hentry"],"_links":{"self":[{"href":"https:\/\/gops.suwalki.pl\/index.php?rest_route=\/wp\/v2\/pages\/72","targetHints":{"allow":["GET"]}}],"collection":[{"href":"https:\/\/gops.suwalki.pl\/index.php?rest_route=\/wp\/v2\/pages"}],"about":[{"href":"https:\/\/gops.suwalki.pl\/index.php?rest_route=\/wp\/v2\/types\/page"}],"author":[{"embeddable":true,"href":"https:\/\/gops.suwalki.pl\/index.php?rest_route=\/wp\/v2\/users\/1"}],"replies":[{"embeddable":true,"href":"https:\/\/gops.suwalki.pl\/index.php?rest_route=%2Fwp%2Fv2%2Fcomments&post=72"}],"version-history":[{"count":2,"href":"https:\/\/gops.suwalki.pl\/index.php?rest_route=\/wp\/v2\/pages\/72\/revisions"}],"predecessor-version":[{"id":195,"href":"https:\/\/gops.suwalki.pl\/index.php?rest_route=\/wp\/v2\/pages\/72\/revisions\/195"}],"wp:attachment":[{"href":"https:\/\/gops.suwalki.pl\/index.php?rest_route=%2Fwp%2Fv2%2Fmedia&parent=72"}],"curies":[{"name":"wp","href":"https:\/\/api.w.org\/{rel}","templated":true}]}}

<p><strong>PODPROGRAM 2019 – efekty</strong></p>



<ol class="wp-block-list">
<li>Ochotnicza Straż Pożarna w Sobolewie z terenu województwa podlaskiego przy współpracy ze <strong>Stowarzyszeniem Bank Żywności Suwałki &#8211; Białystok</strong> realizowała Program Operacyjny Pomoc Żywnościowa Podprogram 2019 współfinasowany z Europejskiego Funduszu Pomocy Najbardziej Potrzebującym, którego celem było zapewnienie najuboższym mieszkańcom Polski pomocy żywnościowej oraz uczestnictwa w działaniach w ramach środków towarzyszących w okresie grudzień 2019 – wrzesień 2020.</li>



<li>Osoby potrzebujące otrzymały bezpłatnie artykuły spożywcze:</li>
</ol>



<ul class="wp-block-list">
<li>warzywne i owocowe (groszek z marchewką, fasola biała, koncentrat pomidorowy, buraczki wiórki, sok jabłkowy, powidła śliwkowe);</li>



<li>skrobiowe (makaron jajeczny, makaron kukurydziany bezglutenowy, ryż biały, kasza gryczana, herbatniki maślane),</li>



<li>mleczne (mleko UHT, ser podpuszczkowy dojrzewający),</li>



<li>mięsne (szynka drobiowa, pasztet wieprzowy, filet z makreli w oleju),</li>
</ul>



<ul class="wp-block-list">
<li>cukier (cukier biały, miód wielokwiatowy),</li>



<li>tłuszcze (olej rzepakowy),</li>



<li>dania gotowe (gołąbki w sosie pomidorowym).</li>
</ul>



<ol start="2" class="wp-block-list">
<li>Pomoc żywnościowa trafiła do 256 osób znajdujących się w trudnej sytuacji życiowej z terenu z terenu gminy Suwałki.</li>



<li>Wydaliśmy osobom potrzebującym:</li>
</ol>



<p>o 14.636,92 ton żywności;</p>



<p>o 768 paczek żywnościowych.</p>

<p>PODPROGRAM 2019 – efekty o 14.636,92 ton żywności; o 768 paczek żywnościowych.</p>
