{"id":78,"date":"2025-10-06T20:25:37","date_gmt":"2025-10-06T20:25:37","guid":{"rendered":"https:\/\/gops.suwalki.pl\/?page_id=78"},"modified":"2025-12-18T21:29:34","modified_gmt":"2025-12-18T21:29:34","slug":"podprogram-2021-plus-efekty","status":"publish","type":"page","link":"https:\/\/gops.suwalki.pl\/?page_id=78","title":{"rendered":"Podprogram 2021 Plus &#8211; efekty"},"content":{"rendered":"\n<p><\/p>\n\n\n\n<p><strong>POP\u017b 2014-2020 Podprogram 2021Plus \u2013 efekty<\/strong><\/p>\n\n\n\n<p>Ochotnicza Stra\u017c Po\u017carna w Sobolewie z terenu wojew\u00f3dztwa podlaskiego przy wsp\u00f3\u0142pracy ze Stowarzyszeniem Bank \u017bywno\u015bci Suwa\u0142ki &#8211; Bia\u0142ystok realizowa\u0142a Program Operacyjny Pomoc \u017bywno\u015bciowa 2014-2020 PP 2021 Plus wsp\u00f3\u0142finasowany z Europejskiego Funduszu Pomocy Najbardziej Potrzebuj\u0105cym, kt\u00f3rego celem by\u0142o zapewnienie najubo\u017cszym mieszka\u0144com Polski pomocy \u017cywno\u015bciowej oraz uczestnictwa w dzia\u0142aniach w ramach \u015brodk\u00f3w towarzysz\u0105cych w okresie kwiecie\u0144 2023 \u2013 wrzesie\u0144 2023.<\/p>\n\n\n\n<p>Osoby potrzebuj\u0105ce otrzyma\u0142y bezp\u0142atnie zestaw roczny artyku\u0142\u00f3w spo\u017cywczych: powid\u0142a \u015bliwkowe, makaron jajeczny, mleko UHT, szynka wieprzowa mielona, cukier bia\u0142y, olej rzepakowy, o wadze min. 10 kg.<\/p>\n\n\n\n<p>Pomoc \u017cywno\u015bciowa trafi\u0142a do 251 os\u00f3b znajduj\u0105cych si\u0119 w trudnej sytuacji \u017cyciowej z terenu Gminy Suwa\u0142ki.<\/p>\n\n\n\n<p>Osobom potrzebuj\u0105cym przekazali\u015bmy 6.2388 ton \u017cywno\u015bci w formie &nbsp;753 paczek \u017cywno\u015bciowych.<\/p>\n\n\n\n<p><\/p>\n","protected":false},"excerpt":{"rendered":"<p>POP\u017b 2014-2020 Podprogram 2021Plus \u2013 efekty Ochotnicza Stra\u017c Po\u017carna w Sobolewie z terenu wojew\u00f3dztwa podlaskiego przy wsp\u00f3\u0142pracy ze Stowarzyszeniem Bank \u017bywno\u015bci Suwa\u0142ki &#8211; Bia\u0142ystok realizowa\u0142a Program Operacyjny Pomoc \u017bywno\u015bciowa 2014-2020 PP 2021 Plus wsp\u00f3\u0142finasowany z Europejskiego Funduszu Pomocy Najbardziej Potrzebuj\u0105cym, kt\u00f3rego celem by\u0142o zapewnienie najubo\u017cszym mieszka\u0144com Polski pomocy \u017cywno\u015bciowej oraz uczestnictwa w dzia\u0142aniach w ramach [&hellip;]<\/p>\n","protected":false},"author":1,"featured_media":0,"parent":0,"menu_order":0,"comment_status":"closed","ping_status":"closed","template":"","meta":{"footnotes":""},"class_list":["post-78","page","type-page","status-publish","hentry"],"_links":{"self":[{"href":"https:\/\/gops.suwalki.pl\/index.php?rest_route=\/wp\/v2\/pages\/78","targetHints":{"allow":["GET"]}}],"collection":[{"href":"https:\/\/gops.suwalki.pl\/index.php?rest_route=\/wp\/v2\/pages"}],"about":[{"href":"https:\/\/gops.suwalki.pl\/index.php?rest_route=\/wp\/v2\/types\/page"}],"author":[{"embeddable":true,"href":"https:\/\/gops.suwalki.pl\/index.php?rest_route=\/wp\/v2\/users\/1"}],"replies":[{"embeddable":true,"href":"https:\/\/gops.suwalki.pl\/index.php?rest_route=%2Fwp%2Fv2%2Fcomments&post=78"}],"version-history":[{"count":2,"href":"https:\/\/gops.suwalki.pl\/index.php?rest_route=\/wp\/v2\/pages\/78\/revisions"}],"predecessor-version":[{"id":194,"href":"https:\/\/gops.suwalki.pl\/index.php?rest_route=\/wp\/v2\/pages\/78\/revisions\/194"}],"wp:attachment":[{"href":"https:\/\/gops.suwalki.pl\/index.php?rest_route=%2Fwp%2Fv2%2Fmedia&parent=78"}],"curies":[{"name":"wp","href":"https:\/\/api.w.org\/{rel}","templated":true}]}}

<p></p>



<p><strong>POPŻ 2014-2020 Podprogram 2021Plus – efekty</strong></p>



<p>Ochotnicza Straż Pożarna w Sobolewie z terenu województwa podlaskiego przy współpracy ze Stowarzyszeniem Bank Żywności Suwałki &#8211; Białystok realizowała Program Operacyjny Pomoc Żywnościowa 2014-2020 PP 2021 Plus współfinasowany z Europejskiego Funduszu Pomocy Najbardziej Potrzebującym, którego celem było zapewnienie najuboższym mieszkańcom Polski pomocy żywnościowej oraz uczestnictwa w działaniach w ramach środków towarzyszących w okresie kwiecień 2023 – wrzesień 2023.</p>



<p>Osoby potrzebujące otrzymały bezpłatnie zestaw roczny artykułów spożywczych: powidła śliwkowe, makaron jajeczny, mleko UHT, szynka wieprzowa mielona, cukier biały, olej rzepakowy, o wadze min. 10 kg.</p>



<p>Pomoc żywnościowa trafiła do 251 osób znajdujących się w trudnej sytuacji życiowej z terenu Gminy Suwałki.</p>



<p>Osobom potrzebującym przekazaliśmy 6.2388 ton żywności w formie &nbsp;753 paczek żywnościowych.</p>



<p></p>

<p>POPŻ 2014-2020 Podprogram 2021Plus – efekty Ochotnicza Straż Pożarna w Sobolewie z terenu województwa podlaskiego przy współpracy ze Stowarzyszeniem Bank Żywności Suwałki &#8211; Białystok realizowała Program Operacyjny Pomoc Żywnościowa 2014-2020 PP 2021 Plus współfinasowany z Europejskiego Funduszu Pomocy Najbardziej Potrzebującym, którego celem było zapewnienie najuboższym mieszkańcom Polski pomocy żywnościowej oraz uczestnictwa w działaniach w ramach [&hellip;]</p>
