{"id":80,"date":"2025-10-06T20:26:45","date_gmt":"2025-10-06T20:26:45","guid":{"rendered":"https:\/\/gops.suwalki.pl\/?page_id=80"},"modified":"2025-12-18T21:32:25","modified_gmt":"2025-12-18T21:32:25","slug":"podprogram-2016-efekty","status":"publish","type":"page","link":"https:\/\/gops.suwalki.pl\/?page_id=80","title":{"rendered":"Podprogram 2016 \u2013 efekty"},"content":{"rendered":"\n<h2 class=\"wp-block-heading\">Podprogram 2016 \u2013 efekty<\/h2>\n\n\n\n<ol class=\"wp-block-list\">\n<li>W ramach POP\u017b Podprogram 2016, kt\u00f3ry by\u0142 realizowany w okresie sierpie\u0144 2016 &#8211; czerwiec 2017 wsp\u00f3\u0142pracowali\u015bmy z Bankiem \u017bywno\u015bci Suwa\u0142ki \u2013 Bia\u0142ystok,<\/li>\n\n\n\n<li>Program by\u0142 skierowany do os\u00f3b potrzebuj\u0105cych, o niskich dochodach do kt\u00f3rych trafi\u0142y takie produkty jak makaron jajeczny 5 kg,\u00a0 ry\u017c bia\u0142y 5 kg, herbatniki 2 kg, mleko UHT 9 l, ser podpuszczkowy dojrzewaj\u0105cy 2,4 kg, groszek z marchewk\u0105 3,20 kg, fasola bia\u0142a 3,20 kg, koncentrat pomidorowy 1,28 kg, powid\u0142a \u015bliwkowe 1,20 kg, gulasz wieprzowy z warzywami 4,25 kg, filet z makreli w oleju 1,36 kg, szynka drobiowa 2,70 kg, szynka wieprzowa 0,3 kg, pasztet wieprzowy 0,16 kg, cukier bia\u0142y 4 kg, olej rzepakowy 4 l.<\/li>\n\n\n\n<li>Za naszym po\u015brednictwem pomoc \u017cywno\u015bciowa trafi\u0142a do 405 os\u00f3b znajduj\u0105cych si\u0119 w trudnej sytuacji \u017cyciowej.<\/li>\n\n\n\n<li>Wydali\u015bmy osobom potrzebuj\u0105cym:\n<ul class=\"wp-block-list\">\n<li>22,60 ton \u017cywno\u015bci;<\/li>\n\n\n\n<li>2025 paczek \u017cywno\u015bciowych;<\/li>\n<\/ul>\n<\/li>\n\n\n\n<li>W ramach Podprogramu 2016 nasi podopieczni korzystaj\u0105cy z pomocy \u017cywno\u015bciowej uczestniczyli w dzia\u0142aniach towarzysz\u0105cych. W ramach tych dzia\u0142a\u0144 uczestniczyli\u015bmy w warsztatach edukacyjnych \u201eDomowe finanse \u2013 \u017cywno\u015b\u0107\u201d, w kt\u00f3rych wzi\u0119\u0142o udzia\u0142 13 os\u00f3b.<\/li>\n<\/ol>\n","protected":false},"excerpt":{"rendered":"<p>Podprogram 2016 \u2013 efekty<\/p>\n","protected":false},"author":1,"featured_media":0,"parent":0,"menu_order":0,"comment_status":"closed","ping_status":"closed","template":"","meta":{"footnotes":""},"class_list":["post-80","page","type-page","status-publish","hentry"],"_links":{"self":[{"href":"https:\/\/gops.suwalki.pl\/index.php?rest_route=\/wp\/v2\/pages\/80","targetHints":{"allow":["GET"]}}],"collection":[{"href":"https:\/\/gops.suwalki.pl\/index.php?rest_route=\/wp\/v2\/pages"}],"about":[{"href":"https:\/\/gops.suwalki.pl\/index.php?rest_route=\/wp\/v2\/types\/page"}],"author":[{"embeddable":true,"href":"https:\/\/gops.suwalki.pl\/index.php?rest_route=\/wp\/v2\/users\/1"}],"replies":[{"embeddable":true,"href":"https:\/\/gops.suwalki.pl\/index.php?rest_route=%2Fwp%2Fv2%2Fcomments&post=80"}],"version-history":[{"count":2,"href":"https:\/\/gops.suwalki.pl\/index.php?rest_route=\/wp\/v2\/pages\/80\/revisions"}],"predecessor-version":[{"id":198,"href":"https:\/\/gops.suwalki.pl\/index.php?rest_route=\/wp\/v2\/pages\/80\/revisions\/198"}],"wp:attachment":[{"href":"https:\/\/gops.suwalki.pl\/index.php?rest_route=%2Fwp%2Fv2%2Fmedia&parent=80"}],"curies":[{"name":"wp","href":"https:\/\/api.w.org\/{rel}","templated":true}]}}