{"id":84,"date":"2025-10-06T20:26:26","date_gmt":"2025-10-06T20:26:26","guid":{"rendered":"https:\/\/gops.suwalki.pl\/?page_id=84"},"modified":"2025-12-18T21:31:41","modified_gmt":"2025-12-18T21:31:41","slug":"podprogram-2017-efekty","status":"publish","type":"page","link":"https:\/\/gops.suwalki.pl\/?page_id=84","title":{"rendered":"Podprogram 2017 \u2013 efekty"},"content":{"rendered":"\n<h2 class=\"wp-block-heading\">Podprogram 2017 \u2013 efekty<\/h2>\n\n\n\n<ol class=\"wp-block-list\">\n<li>Ochotnicza Stra\u017c Po\u017carna w Sobolewie z terenu wojew\u00f3dztwa podlaskiego przy wsp\u00f3\u0142pracy Bankiem \u017bywno\u015bci w Suwa\u0142kach realizowa\u0142a Program Operacyjny Pomoc \u017bywno\u015bciowa Podprogram 2017wsp\u00f3\u0142finasowany z Europejskiego Funduszu Pomocy Najbardziej Potrzebuj\u0105cym, kt\u00f3rego celem by\u0142o zapewnienie najubo\u017cszym mieszka\u0144com Polski pomocy \u017cywno\u015bciowej oraz uczestnictwa w dzia\u0142aniach w ramach \u015brodk\u00f3w towarzysz\u0105cych w okresie sierpie\u0144 2017 \u2013 czerwiec 2018.<\/li>\n\n\n\n<li>Osoby potrzebuj\u0105ce otrzyma\u0142y bezp\u0142atnie artyku\u0142y spo\u017cywcze:<\/li>\n<\/ol>\n\n\n\n<ul class=\"wp-block-list\">\n<li>warzywne i owocowe (groszek z marchewk\u0105, fasola bia\u0142a, koncentrat pomidorowy, buraczki wi\u00f3rki, powid\u0142a \u015bliwkowe);<\/li>\n\n\n\n<li>skrobiowe (makaron jajeczny, makaron kukurydziany bezglutenowy, ry\u017c bia\u0142y, kasza gryczana, herbatniki ma\u015blane),<\/li>\n\n\n\n<li>mleczne (mleko UHT, ser podpuszczkowy dojrzewaj\u0105cy),<\/li>\n\n\n\n<li>mi\u0119sne (szynka drobiowa, szynka wieprzowa mielona, pasztet wieprzowy, kabanosy wieprzowe, filet z makreli w oleju),<\/li>\n\n\n\n<li>cukier (cukier bia\u0142y, mi\u00f3d wielokwiatowy),<\/li>\n\n\n\n<li>t\u0142uszcze (olej rzepakowy),<\/li>\n\n\n\n<li>dania gotowe (gulasz wieprzowy z warzywami).<\/li>\n<\/ul>\n\n\n\n<p>2. Pomoc \u017cywno\u015bciowa trafi\u0142a do 413 os\u00f3b znajduj\u0105cych si\u0119 w trudnej sytuacji \u017cyciowej z terenu gminy Suwa\u0142ki.<\/p>\n\n\n\n<p>3. Wydali\u015bmy osobom potrzebuj\u0105cym:<\/p>\n\n\n\n<p>O 19&nbsp;372,98 ton \u017cywno\u015bci;<\/p>\n\n\n\n<p>O 1239 paczek \u017cywno\u015bciowych;<\/p>\n\n\n\n<p>4. W ramach Podprogramu 2017 dla 40 os\u00f3b korzystaj\u0105cych z pomocy \u017cywno\u015bciowej przeprowadzono 4 warsztat\u00f3w edukacyjnych w ramach dzia\u0142a\u0144 towarzysz\u0105cych:<\/p>\n\n\n\n<p>\u2022 Kulinarne &#8211; 2 spotkania dla 20 uczestnik\u00f3w<\/p>\n\n\n\n<p>\u2022 Niemarnowanie \u017cywno\u015bci &#8211; 2 spotkania dla 20 uczestnik\u00f3w<\/p>\n","protected":false},"excerpt":{"rendered":"<p>Podprogram 2017 \u2013 efekty 2. Pomoc \u017cywno\u015bciowa trafi\u0142a do 413 os\u00f3b znajduj\u0105cych si\u0119 w trudnej sytuacji \u017cyciowej z terenu gminy Suwa\u0142ki. 3. Wydali\u015bmy osobom potrzebuj\u0105cym: O 19&nbsp;372,98 ton \u017cywno\u015bci; O 1239 paczek \u017cywno\u015bciowych; 4. W ramach Podprogramu 2017 dla 40 os\u00f3b korzystaj\u0105cych z pomocy \u017cywno\u015bciowej przeprowadzono 4 warsztat\u00f3w edukacyjnych w ramach dzia\u0142a\u0144 towarzysz\u0105cych: \u2022 Kulinarne [&hellip;]<\/p>\n","protected":false},"author":1,"featured_media":0,"parent":0,"menu_order":0,"comment_status":"closed","ping_status":"closed","template":"","meta":{"footnotes":""},"class_list":["post-84","page","type-page","status-publish","hentry"],"_links":{"self":[{"href":"https:\/\/gops.suwalki.pl\/index.php?rest_route=\/wp\/v2\/pages\/84","targetHints":{"allow":["GET"]}}],"collection":[{"href":"https:\/\/gops.suwalki.pl\/index.php?rest_route=\/wp\/v2\/pages"}],"about":[{"href":"https:\/\/gops.suwalki.pl\/index.php?rest_route=\/wp\/v2\/types\/page"}],"author":[{"embeddable":true,"href":"https:\/\/gops.suwalki.pl\/index.php?rest_route=\/wp\/v2\/users\/1"}],"replies":[{"embeddable":true,"href":"https:\/\/gops.suwalki.pl\/index.php?rest_route=%2Fwp%2Fv2%2Fcomments&post=84"}],"version-history":[{"count":2,"href":"https:\/\/gops.suwalki.pl\/index.php?rest_route=\/wp\/v2\/pages\/84\/revisions"}],"predecessor-version":[{"id":197,"href":"https:\/\/gops.suwalki.pl\/index.php?rest_route=\/wp\/v2\/pages\/84\/revisions\/197"}],"wp:attachment":[{"href":"https:\/\/gops.suwalki.pl\/index.php?rest_route=%2Fwp%2Fv2%2Fmedia&parent=84"}],"curies":[{"name":"wp","href":"https:\/\/api.w.org\/{rel}","templated":true}]}}

<h2 class="wp-block-heading">Podprogram 2017 – efekty</h2>



<ol class="wp-block-list">
<li>Ochotnicza Straż Pożarna w Sobolewie z terenu województwa podlaskiego przy współpracy Bankiem Żywności w Suwałkach realizowała Program Operacyjny Pomoc Żywnościowa Podprogram 2017współfinasowany z Europejskiego Funduszu Pomocy Najbardziej Potrzebującym, którego celem było zapewnienie najuboższym mieszkańcom Polski pomocy żywnościowej oraz uczestnictwa w działaniach w ramach środków towarzyszących w okresie sierpień 2017 – czerwiec 2018.</li>



<li>Osoby potrzebujące otrzymały bezpłatnie artykuły spożywcze:</li>
</ol>



<ul class="wp-block-list">
<li>warzywne i owocowe (groszek z marchewką, fasola biała, koncentrat pomidorowy, buraczki wiórki, powidła śliwkowe);</li>



<li>skrobiowe (makaron jajeczny, makaron kukurydziany bezglutenowy, ryż biały, kasza gryczana, herbatniki maślane),</li>



<li>mleczne (mleko UHT, ser podpuszczkowy dojrzewający),</li>



<li>mięsne (szynka drobiowa, szynka wieprzowa mielona, pasztet wieprzowy, kabanosy wieprzowe, filet z makreli w oleju),</li>



<li>cukier (cukier biały, miód wielokwiatowy),</li>



<li>tłuszcze (olej rzepakowy),</li>



<li>dania gotowe (gulasz wieprzowy z warzywami).</li>
</ul>



<p>2. Pomoc żywnościowa trafiła do 413 osób znajdujących się w trudnej sytuacji życiowej z terenu gminy Suwałki.</p>



<p>3. Wydaliśmy osobom potrzebującym:</p>



<p>O 19&nbsp;372,98 ton żywności;</p>



<p>O 1239 paczek żywnościowych;</p>



<p>4. W ramach Podprogramu 2017 dla 40 osób korzystających z pomocy żywnościowej przeprowadzono 4 warsztatów edukacyjnych w ramach działań towarzyszących:</p>



<p>• Kulinarne &#8211; 2 spotkania dla 20 uczestników</p>



<p>• Niemarnowanie żywności &#8211; 2 spotkania dla 20 uczestników</p>

<p>Podprogram 2017 – efekty 2. Pomoc żywnościowa trafiła do 413 osób znajdujących się w trudnej sytuacji życiowej z terenu gminy Suwałki. 3. Wydaliśmy osobom potrzebującym: O 19&nbsp;372,98 ton żywności; O 1239 paczek żywnościowych; 4. W ramach Podprogramu 2017 dla 40 osób korzystających z pomocy żywnościowej przeprowadzono 4 warsztatów edukacyjnych w ramach działań towarzyszących: • Kulinarne [&hellip;]</p>
